 the prime factors of 540537?
3, 180179
List the prime factors of 757765.
5, 151553
List the prime factors of 2289091.
7, 349, 937
List the prime factors of 388276.
2, 7, 283
List the prime factors of 4134466.
2, 7, 295319
What are the prime factors of 2187976?
2, 7, 89, 439
What are the prime factors of 1167641?
23, 50767
List the prime factors of 215315.
5, 43063
What are the prime factors of 314829?
3, 34981
List the prime factors of 752302.
2, 509, 739
What are the prime factors of 1825925?
5, 73037
List the prime factors of 14471718.
2, 3, 1013, 2381
List the prime factors of 137875.
5, 1103
What are the prime factors of 6635807?
19, 311, 1123
What are the prime factors of 2077656?
2, 3, 7, 83, 149
What are the prime factors of 2476908?
2, 3, 7, 9829
List the prime factors of 355774.
2, 177887
What are the prime factors of 1302327?
3, 13, 11131
List the prime factors of 2332316.
2, 7, 31, 2687
List the prime factors of 3093870.
2, 3, 5, 13, 7933
List the prime factors of 139753.
139753
List the prime factors of 27238.
2, 13619
What are the prime factors of 17759159?
11, 71, 22739
List the prime factors of 304529.
29, 10501
List the prime factors of 7954722.
2, 3, 359, 1231
What are the prime factors of 4793513?
4793513
What are the prime factors of 8353963?
2393, 3491
What are the prime factors of 66121?
11, 6011
What are the prime factors of 3779469?
3, 463, 907
List the prime factors of 286244.
2, 7, 10223
List the prime factors of 978743.
978743
List the prime factors of 675699.
3, 17, 13249
List the prime factors of 3592203.
3, 599, 1999
List the prime factors of 18777935.
5, 11, 29, 61, 193
List the prime factors of 2080987.
17, 167, 733
List the prime factors of 15428894.
2, 13, 17, 67, 521
What are the prime factors of 137240?
2, 5, 47, 73
List the prime factors of 396615.
3, 5, 137, 193
What are the prime factors of 659933?
83, 7951
List the prime factors of 305795.
5, 7, 8737
List the prime factors of 5451198.
2, 3, 908533
What are the prime factors of 620759?
620759
What are the prime factors of 12994861?
11, 137, 8623
List the prime factors of 214425.
3, 5, 953
List the prime factors of 19919588.
2, 13, 383069
List the prime factors of 459919.
193, 2383
List the prime factors of 4437599.
47, 263, 359
What are the prime factors of 1727684?
2, 7, 61703
List the prime factors of 6468148.
2, 1617037
List the prime factors of 452130.
2, 3, 5, 7, 2153
What are the prime factors of 28585351?
271, 313, 337
What are the prime factors of 215227?
137, 1571
List the prime factors of 437318.
2, 7, 31237
List the prime factors of 963195.
3, 5, 157, 409
What are the prime factors of 12667882?
2, 997, 6353
What are the prime factors of 415840?
2, 5, 23, 113
What are the prime factors of 2094104?
2, 19, 23, 599
What are the prime factors of 8521838?
2, 13, 31, 97, 109
List the prime factors of 5068086.
2, 3, 149, 5669
What are the prime factors of 954690?
2, 3, 5, 11, 263
List the prime factors of 488339.
488339
What are the prime factors of 311304?
2, 3, 7, 17, 109
What are the prime factors of 2818946?
2, 13, 108421
List the prime factors of 24644475.
3, 5, 17, 379
List the prime factors of 3596115.
3, 5, 149, 1609
What are the prime factors of 5854087?
5854087
What are the prime factors of 4802480?
2, 5, 173, 347
List the prime factors of 8410277.
1433, 5869
List the prime factors of 67428.
2, 3, 1873
What are the prime factors of 1772154?
2, 3, 98453
What are the prime factors of 2680166?
2, 1340083
What are the prime factors of 2975202?
2, 3, 67, 2467
What are the prime factors of 230435?
5, 17, 2711
List the prime factors of 3996207.
3, 17, 26119
What are the prime factors of 32927597?
89, 4157
List the prime factors of 4094781.
3, 47, 113, 257
List the prime factors of 20705301.
3, 139, 613
List the prime factors of 1538973.
3, 56999
What are the prime factors of 1390763?
11, 126433
List the prime factors of 66361.
66361
List the prime factors of 3702771.
3, 373, 1103
List the prime factors of 128797.
37, 59
List the prime factors of 13395899.
11, 1217809
List the prime factors of 20453651.
73, 280187
List the prime factors of 4369496.
2, 47, 11621
List the prime factors of 979569.
3, 31, 3511
What are the prime factors of 9376498?
2, 4688249
What are the prime factors of 3432945?
3, 5, 79, 2897
What are the prime factors of 37318?
2, 47, 397
List the prime factors of 1349215.
5, 7, 5507
What are the prime factors of 12552374?
2, 71, 88397
What are the prime factors of 5383900?
2, 5, 17, 3167
List the prime factors of 12808583.
12808583
What are the prime factors of 191783?
191783
What are the prime factors of 5043366?
2, 3, 280187
What are the prime factors of 1222706?
2, 101, 6053
List the prime factors of 6310572.
2, 3, 37, 61, 233
What are the prime factors of 8137393?
11, 41, 18043
List the prime factors of 4711907.
17, 31, 8941
List the prime factors of 125533.
19, 6607
What are the prime factors of 100639?
7, 11, 1307
What are the prime factors of 1333919?
1333919
List the prime factors of 397438.
2, 198719
List the prime factors of 7971844.
2, 17, 59, 1987
What are the prime factors of 16190755?
5, 7, 19, 97, 251
List the prime factors of 692218.
2, 283, 1223
List the prime factors of 2752963.
17, 67, 2417
What are the prime factors of 321072?
2, 3, 6689
List the prime factors of 996105.
3, 5, 11, 6037
List the prime factors of 8173440.
2, 3, 5, 11, 43
List the prime factors of 4266539.
131, 32569
What are the prime factors of 17058?
2, 3, 2843
What are the prime factors of 247659?
3, 31, 2663
What are the prime factors of 210955?
5, 31, 1361
List the prime factors of 2098162.
2, 11, 283, 337
What are the prime factors of 16998789?
3, 5666263
What are the prime factors of 735681?
3, 251, 977
List the prime factors of 9298104.
2, 3, 47, 8243
What are the prime factors of 912151?
487, 1873
List the prime factors of 615261.
3, 67, 3061
List the prime factors of 1647346.
2, 53, 15541
What are the prime factors of 15626138?
2, 11, 727, 977
What are the prime factors of 12372161?
53, 233437
List the prime factors of 377367.
3, 125789
List the prime factors of 998851.
7, 31, 4603
What are the prime factors of 2375793?
3, 7, 43, 877
List the prime factors of 1368414.
2, 3, 8447
What are the prime factors of 267678?
2, 3, 4957
List the prime factors of 2143363.
431, 4973
List the prime factors of 724164.
2, 3, 7, 37, 233
What are the prime factors of 5385391?
11, 41, 11941
List the prime factors of 4098821.
4098821
What are the prime factors of 3011549?
3011549
List the prime factors of 12861583.
7, 691, 2659
List the prime factors of 18877501.
433, 43597
List the prime factors of 152786.
2, 79, 967
What are the prime factors of 9256158?
2, 3, 233, 2207
List the prime factors of 141945.
3, 5, 9463
What are the prime factors of 14770872?
2, 3, 205151
List the prime factors of 10567125.
3, 5, 31, 101
What are the prime factors of 741619?
113, 6563
What are the prime factors of 1854933?
3, 618311
List the prime factors of 21389491.
223, 95917
List the prime factors of 1443621.
3, 481207
What are the prime factors of 270799?
270799
What are the prime factors of 4286923?
4286923
What are the prime factors of 1678198?
2, 317, 2647
List the prime factors of 1969393.
677, 2909
What are the prime factors of 306219?
3, 103, 991
List the prime factors of 1233452.
2, 11, 17, 97
List the prime factors of 506581.
587, 863
What are the prime factors of 49488?
2, 3, 1031
List the prime factors of 24968401.
24968401
What are the prime factors of 478565?
5, 95713
What are the prime factors of 2235806?
2, 17, 19, 3461
List the prime factors of 6091664.
2, 380729
List the prime factors of 14350455.
3, 5, 7, 45557
List the prime factors of 73742.
2, 36871
What are the prime factors of 1078239?
3, 107, 3359
List the prime factors of 22805.
5, 4561
What are the prime factors of 1429261?
1429261
List the prime factors of 269016.
2, 3, 11, 1019
What are the prime factors of 31624588?
2, 19, 31, 433
List the prime factors of 74300.
2, 5, 743
What are the prime factors of 1123472?
2, 7, 1433
What are the prime factors of 296675?
5, 11867
What are the prime factors of 420265?
5, 84053
List the prime factors of 1232865.
3, 5, 27397
What are the prime factors of 